{"id":547,"date":"2024-05-15T12:19:57","date_gmt":"2024-05-15T15:19:57","guid":{"rendered":"https:\/\/tresmaresdiseno.net\/?page_id=547"},"modified":"2024-05-15T12:19:57","modified_gmt":"2024-05-15T15:19:57","slug":"politica-de-calidad","status":"publish","type":"page","link":"https:\/\/tresmaresdiseno.net\/index.php\/politica-de-calidad\/","title":{"rendered":"Pol\u00edtica de calidad"},"content":{"rendered":"\n<p><strong><em>TRES MARES, productora audiovisual,<\/em><\/strong> es una organizaci\u00f3n dedicada a la prestaci\u00f3n de servicios audiovisuales innovadores en todo el \u00e1mbito nacional e internacional, que ha decidido implementar un Sistema de Gesti\u00f3n de la Calidad basado en la norma ISO 9001:2015 para mejorar el servicio que presta a sus clientes.&nbsp;<\/p>\n\n\n\n<p>Por tal fin, la Direcci\u00f3n de <strong><em>TRES MARES, productora audiovisual, <\/em><\/strong>&nbsp;enfoca su Sistema de la Calidad como una manera de organizar el funcionamiento de la misma partiendo de principios b\u00e1sicos como son: la Calidad de sus productos, la satisfacci\u00f3n del cliente y la mejora continua de la eficacia del Sistema.&nbsp;<\/p>\n\n\n\n<p>&nbsp;Para ello, su Sistema de Gesti\u00f3n de la Calidad, se fundamenta en:<\/p>\n\n\n\n<ul class=\"wp-block-list\">\n<li>El liderazgo y compromiso de la Direcci\u00f3n, como en la responsabilidad de todos los involucrados con la organizaci\u00f3n para lograr la Calidad de los productos.<\/li>\n\n\n\n<li>Considerar en todo momento el contexto de la organizaci\u00f3n, tanto interno como externo para planificar, ejecutar, revisar y lograr la mejora continua del Sistema de Gesti\u00f3n de la Calidad.\u00a0<\/li>\n\n\n\n<li>Orientar la Calidad hacia la Satisfacci\u00f3n de todos nuestros clientes y partes interesadas, mediante el compromiso de toda la organizaci\u00f3n en cumplir con sus necesidades, expectativas, requisitos legales y reglamentarios.\u00a0<\/li>\n<\/ul>\n\n\n\n<p>La Pol\u00edtica ser\u00e1 revisada peri\u00f3dicamente por la Gerencia, con el objeto de desarrollar el concepto de mejora continua en materia de calidad, asegurando de esta forma, su mantenimiento actualizado y su disponibilidad para todas las partes interesadas de la organizaci\u00f3n.<\/p>\n\n\n\n<div style=\"height:27px\" aria-hidden=\"true\" class=\"wp-block-spacer\"><\/div>\n\n\n\n<div class=\"wp-block-columns is-layout-flex wp-container-core-columns-is-layout-1 wp-block-columns-is-layout-flex\">\n<div class=\"wp-block-column is-layout-flow wp-block-column-is-layout-flow\">\n<p class=\"has-text-align-center\">Mar\u00eda Eugenia Ferrer\u00a0\u00a0<\/p>\n\n\n\n<p class=\"has-text-align-center\"><em><strong>Representante legal \u00a0 \u00a0 <\/strong><\/em><\/p>\n<\/div>\n\n\n\n<div class=\"wp-block-column is-layout-flow wp-block-column-is-layout-flow\">\n<p class=\"has-text-align-center\">Mauricio Minotti\u00a0<\/p>\n\n\n\n<p class=\"has-text-align-center\"><strong><em>Socio Gerente<\/em><\/strong><\/p>\n<\/div>\n<\/div>\n","protected":false},"excerpt":{"rendered":"<p>TRES MARES, productora audiovisual, es una organizaci\u00f3n dedicada a la prestaci\u00f3n de servicios audiovisuales innovadores en todo el \u00e1mbito nacional e internacional, que ha decidido implementar un Sistema de Gesti\u00f3n de la Calidad basado en la norma ISO 9001:2015 para mejorar el servicio que presta a sus clientes.&nbsp; Por tal fin, la Direcci\u00f3n de TRES&#8230;<\/p>\n","protected":false},"author":1,"featured_media":0,"parent":0,"menu_order":0,"comment_status":"closed","ping_status":"closed","template":"","meta":{"footnotes":""},"class_list":["post-547","page","type-page","status-publish","hentry"],"yoast_head":"<!-- This site is optimized with the Yoast SEO plugin v23.0 - https:\/\/yoast.com\/wordpress\/plugins\/seo\/ -->\n<title>Pol\u00edtica de calidad - Productora Tres Mares<\/title>\n<meta name=\"robots\" content=\"noindex, follow, max-snippet:-1, max-image-preview:large, max-video-preview:-1\" \/>\n<meta property=\"og:locale\" content=\"es_ES\" \/>\n<meta property=\"og:type\" content=\"article\" \/>\n<meta property=\"og:title\" content=\"Pol\u00edtica de calidad - Productora Tres Mares\" \/>\n<meta property=\"og:description\" content=\"TRES MARES, productora audiovisual, es una organizaci\u00f3n dedicada a la prestaci\u00f3n de servicios audiovisuales innovadores en todo el \u00e1mbito nacional e internacional, que ha decidido implementar un Sistema de Gesti\u00f3n de la Calidad basado en la norma ISO 9001:2015 para mejorar el servicio que presta a sus clientes.&nbsp; Por tal fin, la Direcci\u00f3n de TRES...\" \/>\n<meta property=\"og:url\" content=\"https:\/\/tresmaresdiseno.net\/index.php\/politica-de-calidad\/\" \/>\n<meta property=\"og:site_name\" content=\"Productora Tres Mares\" \/>\n<meta name=\"twitter:card\" content=\"summary_large_image\" \/>\n<meta name=\"twitter:label1\" content=\"Tiempo de lectura\" \/>\n\t<meta name=\"twitter:data1\" content=\"2 minutos\" \/>\n<script type=\"application\/ld+json\" class=\"yoast-schema-graph\">{\"@context\":\"https:\/\/schema.org\",\"@graph\":[{\"@type\":\"WebPage\",\"@id\":\"https:\/\/tresmaresdiseno.net\/index.php\/politica-de-calidad\/\",\"url\":\"https:\/\/tresmaresdiseno.net\/index.php\/politica-de-calidad\/\",\"name\":\"Pol\u00edtica de calidad - Productora Tres Mares\",\"isPartOf\":{\"@id\":\"https:\/\/tresmaresproductora.com\/#website\"},\"datePublished\":\"2024-05-15T15:19:57+00:00\",\"dateModified\":\"2024-05-15T15:19:57+00:00\",\"breadcrumb\":{\"@id\":\"https:\/\/tresmaresdiseno.net\/index.php\/politica-de-calidad\/#breadcrumb\"},\"inLanguage\":\"es-AR\",\"potentialAction\":[{\"@type\":\"ReadAction\",\"target\":[\"https:\/\/tresmaresdiseno.net\/index.php\/politica-de-calidad\/\"]}]},{\"@type\":\"BreadcrumbList\",\"@id\":\"https:\/\/tresmaresdiseno.net\/index.php\/politica-de-calidad\/#breadcrumb\",\"itemListElement\":[{\"@type\":\"ListItem\",\"position\":1,\"name\":\"Inicio\",\"item\":\"https:\/\/tresmaresproductora.com\/\"},{\"@type\":\"ListItem\",\"position\":2,\"name\":\"Pol\u00edtica de calidad\"}]},{\"@type\":\"WebSite\",\"@id\":\"https:\/\/tresmaresproductora.com\/#website\",\"url\":\"https:\/\/tresmaresproductora.com\/\",\"name\":\"Productora Tres Mares\",\"description\":\"\",\"publisher\":{\"@id\":\"https:\/\/tresmaresproductora.com\/#organization\"},\"potentialAction\":[{\"@type\":\"SearchAction\",\"target\":{\"@type\":\"EntryPoint\",\"urlTemplate\":\"https:\/\/tresmaresproductora.com\/?s={search_term_string}\"},\"query-input\":\"required name=search_term_string\"}],\"inLanguage\":\"es-AR\"},{\"@type\":\"Organization\",\"@id\":\"https:\/\/tresmaresproductora.com\/#organization\",\"name\":\"Productora Tres Mares\",\"url\":\"https:\/\/tresmaresproductora.com\/\",\"logo\":{\"@type\":\"ImageObject\",\"inLanguage\":\"es-AR\",\"@id\":\"https:\/\/tresmaresproductora.com\/#\/schema\/logo\/image\/\",\"url\":\"https:\/\/tresmaresdiseno.net\/wp-content\/uploads\/2024\/01\/logo-01.png\",\"contentUrl\":\"https:\/\/tresmaresdiseno.net\/wp-content\/uploads\/2024\/01\/logo-01.png\",\"width\":750,\"height\":104,\"caption\":\"Productora Tres Mares\"},\"image\":{\"@id\":\"https:\/\/tresmaresproductora.com\/#\/schema\/logo\/image\/\"}}]}<\/script>\n<!-- \/ Yoast SEO plugin. -->","yoast_head_json":{"title":"Pol\u00edtica de calidad - Productora Tres Mares","robots":{"index":"noindex","follow":"follow","max-snippet":"max-snippet:-1","max-image-preview":"max-image-preview:large","max-video-preview":"max-video-preview:-1"},"og_locale":"es_ES","og_type":"article","og_title":"Pol\u00edtica de calidad - Productora Tres Mares","og_description":"TRES MARES, productora audiovisual, es una organizaci\u00f3n dedicada a la prestaci\u00f3n de servicios audiovisuales innovadores en todo el \u00e1mbito nacional e internacional, que ha decidido implementar un Sistema de Gesti\u00f3n de la Calidad basado en la norma ISO 9001:2015 para mejorar el servicio que presta a sus clientes.&nbsp; Por tal fin, la Direcci\u00f3n de TRES...","og_url":"https:\/\/tresmaresdiseno.net\/index.php\/politica-de-calidad\/","og_site_name":"Productora Tres Mares","twitter_card":"summary_large_image","twitter_misc":{"Tiempo de lectura":"2 minutos"},"schema":{"@context":"https:\/\/schema.org","@graph":[{"@type":"WebPage","@id":"https:\/\/tresmaresdiseno.net\/index.php\/politica-de-calidad\/","url":"https:\/\/tresmaresdiseno.net\/index.php\/politica-de-calidad\/","name":"Pol\u00edtica de calidad - Productora Tres Mares","isPartOf":{"@id":"https:\/\/tresmaresproductora.com\/#website"},"datePublished":"2024-05-15T15:19:57+00:00","dateModified":"2024-05-15T15:19:57+00:00","breadcrumb":{"@id":"https:\/\/tresmaresdiseno.net\/index.php\/politica-de-calidad\/#breadcrumb"},"inLanguage":"es-AR","potentialAction":[{"@type":"ReadAction","target":["https:\/\/tresmaresdiseno.net\/index.php\/politica-de-calidad\/"]}]},{"@type":"BreadcrumbList","@id":"https:\/\/tresmaresdiseno.net\/index.php\/politica-de-calidad\/#breadcrumb","itemListElement":[{"@type":"ListItem","position":1,"name":"Inicio","item":"https:\/\/tresmaresproductora.com\/"},{"@type":"ListItem","position":2,"name":"Pol\u00edtica de calidad"}]},{"@type":"WebSite","@id":"https:\/\/tresmaresproductora.com\/#website","url":"https:\/\/tresmaresproductora.com\/","name":"Productora Tres Mares","description":"","publisher":{"@id":"https:\/\/tresmaresproductora.com\/#organization"},"potentialAction":[{"@type":"SearchAction","target":{"@type":"EntryPoint","urlTemplate":"https:\/\/tresmaresproductora.com\/?s={search_term_string}"},"query-input":"required name=search_term_string"}],"inLanguage":"es-AR"},{"@type":"Organization","@id":"https:\/\/tresmaresproductora.com\/#organization","name":"Productora Tres Mares","url":"https:\/\/tresmaresproductora.com\/","logo":{"@type":"ImageObject","inLanguage":"es-AR","@id":"https:\/\/tresmaresproductora.com\/#\/schema\/logo\/image\/","url":"https:\/\/tresmaresdiseno.net\/wp-content\/uploads\/2024\/01\/logo-01.png","contentUrl":"https:\/\/tresmaresdiseno.net\/wp-content\/uploads\/2024\/01\/logo-01.png","width":750,"height":104,"caption":"Productora Tres Mares"},"image":{"@id":"https:\/\/tresmaresproductora.com\/#\/schema\/logo\/image\/"}}]}},"_links":{"self":[{"href":"https:\/\/tresmaresdiseno.net\/index.php\/wp-json\/wp\/v2\/pages\/547"}],"collection":[{"href":"https:\/\/tresmaresdiseno.net\/index.php\/wp-json\/wp\/v2\/pages"}],"about":[{"href":"https:\/\/tresmaresdiseno.net\/index.php\/wp-json\/wp\/v2\/types\/page"}],"author":[{"embeddable":true,"href":"https:\/\/tresmaresdiseno.net\/index.php\/wp-json\/wp\/v2\/users\/1"}],"replies":[{"embeddable":true,"href":"https:\/\/tresmaresdiseno.net\/index.php\/wp-json\/wp\/v2\/comments?post=547"}],"version-history":[{"count":1,"href":"https:\/\/tresmaresdiseno.net\/index.php\/wp-json\/wp\/v2\/pages\/547\/revisions"}],"predecessor-version":[{"id":548,"href":"https:\/\/tresmaresdiseno.net\/index.php\/wp-json\/wp\/v2\/pages\/547\/revisions\/548"}],"wp:attachment":[{"href":"https:\/\/tresmaresdiseno.net\/index.php\/wp-json\/wp\/v2\/media?parent=547"}],"curies":[{"name":"wp","href":"https:\/\/api.w.org\/{rel}","templated":true}]}}