{"id":8,"date":"2024-01-02T12:32:01","date_gmt":"2024-01-02T15:32:01","guid":{"rendered":"https:\/\/tresmaresdiseno.net\/?page_id=8"},"modified":"2024-07-17T17:53:37","modified_gmt":"2024-07-17T20:53:37","slug":"somos-tresmares","status":"publish","type":"page","link":"https:\/\/tresmaresdiseno.net\/index.php\/somos-tresmares\/","title":{"rendered":""},"content":{"rendered":"\n<h1 class=\"wp-block-heading has-text-align-center has-primary-color has-text-color has-link-color has-roboto-font-family wp-elements-2bf82c1e295476ec645ab5e18d913f27\" style=\"font-size:3.5rem\"><mark style=\"background-color:rgba(0, 0, 0, 0)\" class=\"has-inline-color has-primary-color\">Somos<\/mark><\/h1>\n\n\n\n<figure class=\"wp-block-video\"><video controls preload=\"auto\" src=\"https:\/\/tresmaresdiseno.net\/wp-content\/uploads\/2024\/05\/NOS-US_1600X800-1.mp4\" playsinline><\/video><\/figure>\n\n\n\n<div class=\"wp-block-cover is-light has-custom-content-position is-position-top-center\" style=\"padding-right:0;padding-left:0;min-height:334px;aspect-ratio:unset;\"><span aria-hidden=\"true\" class=\"wp-block-cover__background has-transparent-background-color has-background-dim-100 has-background-dim\"><\/span><div class=\"wp-block-cover__inner-container is-layout-constrained wp-container-core-cover-is-layout-1 wp-block-cover-is-layout-constrained\">\n<h4 class=\"wp-block-heading has-text-align-center has-primary-color has-text-color has-link-color has-roboto-font-family wp-elements-baaabbc0394c05dfdef19e1efaeba8c0\" style=\"font-size:1.5rem;font-style:normal;font-weight:500\"><mark style=\"background-color:rgba(0, 0, 0, 0)\" class=\"has-inline-color has-primary-color\">Sobre la Compa\u00f1\u00eda\u00a0<\/mark><\/h4>\n\n\n\n<p class=\"has-foregound-alt-color has-text-color has-link-color has-small-font-size wp-elements-43588f74d30b2f122ef1b0a475f0f647\">Es una empresa de producci\u00f3n de contenido y servicios audiovisuales de Argentina con proyecci\u00f3n internacional.&nbsp;<\/p>\n\n\n\n<p class=\"has-foregound-alt-color has-text-color has-link-color has-small-font-size wp-elements-583deef55009d822bc19ae4776bcff61\">Contamos con una amplia experiencia en proyectos audiovisuales de diferentes escalas. Damos soluciones audiovisuales y generamos branded content, instalaciones visuales y mapping para empresas, instituciones y organismos gubernamentales.&nbsp;<\/p>\n\n\n\n<p class=\"has-foregound-alt-color has-text-color has-link-color has-small-font-size wp-elements-a37a044dcfab6b4cc6848dcbee96be04\">Buscamos socios que quieran sumar valor a sus proyectos.<\/p>\n\n\n\n<p class=\"has-foregound-alt-color has-text-color has-link-color has-small-font-size wp-elements-d803c796ee021dbd231cf4bb0f44bd0e\">Junto a <strong>partners especializados<\/strong> brindamos servicios de producci\u00f3n, b\u00fasqueda de locaciones, casting, administraci\u00f3n, asesoramiento legal, rental de equipamiento, animaci\u00f3n 2D, drone, servicio de transmisi\u00f3n de eventos, m\u00f3viles, postproducci\u00f3n de imagen y sonido para casas productoras nacionales y extranjeras.<\/p>\n\n\n\n<p class=\"has-foregound-alt-color has-text-color has-link-color has-small-font-size wp-elements-aecb5faef343cadd60e399e9a9069e61\">Nuestros procesos est\u00e1n garantizados por procesos certificados por las <strong>NORMAS ISO 9000:2015<\/strong>.<\/p>\n<\/div><\/div>\n\n\n\n<p class=\"has-small-font-size\"><\/p>\n\n\n\n<div class=\"wp-block-columns is-layout-flex wp-container-core-columns-is-layout-1 wp-block-columns-is-layout-flex\" style=\"margin-top:var(--wp--preset--spacing--50)\">\n<div class=\"wp-block-column is-layout-flow wp-block-column-is-layout-flow\">\n<figure data-wp-context=\"{&quot;uploadedSrc&quot;:&quot;https:\\\/\\\/tresmaresdiseno.net\\\/wp-content\\\/uploads\\\/2024\\\/05\\\/1.png&quot;,&quot;figureClassNames&quot;:&quot;wp-block-image aligncenter size-full is-resized is-style-rounded&quot;,&quot;figureStyles&quot;:null,&quot;imgClassNames&quot;:&quot;wp-image-531&quot;,&quot;imgStyles&quot;:&quot;width:290px&quot;,&quot;targetWidth&quot;:500,&quot;targetHeight&quot;:500,&quot;scaleAttr&quot;:false,&quot;ariaLabel&quot;:&quot;Ampliar la imagen&quot;,&quot;alt&quot;:&quot;&quot;}\" data-wp-interactive=\"core\/image\" class=\"wp-block-image aligncenter size-full is-resized is-style-rounded wp-lightbox-container\"><img loading=\"lazy\" decoding=\"async\" width=\"500\" height=\"500\" data-wp-init=\"callbacks.setButtonStyles\" data-wp-on-async--click=\"actions.showLightbox\" data-wp-on-async--load=\"callbacks.setButtonStyles\" data-wp-on-async-window--resize=\"callbacks.setButtonStyles\" src=\"https:\/\/tresmaresdiseno.net\/wp-content\/uploads\/2024\/05\/1.png\" alt=\"\" class=\"wp-image-531\" style=\"width:290px\" srcset=\"https:\/\/tresmaresdiseno.net\/wp-content\/uploads\/2024\/05\/1.png 500w, https:\/\/tresmaresdiseno.net\/wp-content\/uploads\/2024\/05\/1-300x300.png 300w, https:\/\/tresmaresdiseno.net\/wp-content\/uploads\/2024\/05\/1-150x150.png 150w\" sizes=\"(max-width: 500px) 100vw, 500px\" \/><button\n\t\t\tclass=\"lightbox-trigger\"\n\t\t\ttype=\"button\"\n\t\t\taria-haspopup=\"dialog\"\n\t\t\taria-label=\"Ampliar la imagen\"\n\t\t\tdata-wp-init=\"callbacks.initTriggerButton\"\n\t\t\tdata-wp-on-async--click=\"actions.showLightbox\"\n\t\t\tdata-wp-style--right=\"context.imageButtonRight\"\n\t\t\tdata-wp-style--top=\"context.imageButtonTop\"\n\t\t>\n\t\t\t<svg xmlns=\"http:\/\/www.w3.org\/2000\/svg\" width=\"12\" height=\"12\" fill=\"none\" viewBox=\"0 0 12 12\">\n\t\t\t\t<path fill=\"#fff\" d=\"M2 0a2 2 0 0 0-2 2v2h1.5V2a.5.5 0 0 1 .5-.5h2V0H2Zm2 10.5H2a.5.5 0 0 1-.5-.5V8H0v2a2 2 0 0 0 2 2h2v-1.5ZM8 12v-1.5h2a.5.5 0 0 0 .5-.5V8H12v2a2 2 0 0 1-2 2H8Zm2-12a2 2 0 0 1 2 2v2h-1.5V2a.5.5 0 0 0-.5-.5H8V0h2Z\" \/>\n\t\t\t<\/svg>\n\t\t<\/button><\/figure>\n\n\n\n<p><\/p>\n\n\n\n<p><\/p>\n\n\n\n<h4 class=\"wp-block-heading has-text-align-center has-primary-color has-text-color has-link-color has-roboto-font-family wp-elements-da6423f4893553080dc26d809091fc4c\"><mark style=\"background-color:rgba(0, 0, 0, 0)\" class=\"has-inline-color has-primary-color\">Mauricio Minotti<\/mark><\/h4>\n\n\n\n<p class=\"has-text-align-left has-small-font-size\">Me form\u00e9 en fotograf\u00eda, teatro y cine. En el set me apasiona el trabajo con los actores y en la sala de edici\u00f3n jugar con la estructura, reguionar, encontrar nuevos sentidos a lo que se film\u00f3.<br>La ficci\u00f3n es mi norte pero vengo haciendo un largo camino en el documental o m\u00e1s precisamente en la docuficci\u00f3n.<br>Me form\u00e9 junto a directores argentinos como Pino Solanas, Fernando Spiner, Sergio Belotti, Eduardo Mignona, Sebasti\u00e1n Mignona. Con ellos aprend\u00ed este oficio-arte que es el cine.<br>Desde el 2010 dirig\u00ed varias series hist\u00f3ricas para Canal Encuentro. Me volv\u00ed un especialista en realizar contenido hist\u00f3rico: Escenas de la historia de un pa\u00eds, Rebeli\u00f3n en los llanos, G\u00fcemes, Testigo de una \u00e9poca, Artigas.<br>En el 2017 junto a Mar\u00eda Eugen\u00eda, con quien veniamos trabajando desde varios a\u00f1os atr\u00e1s, decidimos unir fuerzas\u2026y sue\u00f1os para formar TRES MARES.<br>En cada historia que imagino filmar, en cada nuevo proyecto que arranco, pongo mucha energ\u00eda en lograr llegar al coraz\u00f3n del espectador. Para m\u00ed el arte cinematogr\u00e1fico debe educar, entretener y emocionar.<\/p>\n<\/div>\n\n\n\n<div class=\"wp-block-column is-layout-flow wp-block-column-is-layout-flow\">\n<figure data-wp-context=\"{&quot;uploadedSrc&quot;:&quot;https:\\\/\\\/tresmaresdiseno.net\\\/wp-content\\\/uploads\\\/2024\\\/05\\\/2.png&quot;,&quot;figureClassNames&quot;:&quot;wp-block-image aligncenter size-full is-resized is-style-rounded&quot;,&quot;figureStyles&quot;:null,&quot;imgClassNames&quot;:&quot;wp-image-532&quot;,&quot;imgStyles&quot;:&quot;width:290px&quot;,&quot;targetWidth&quot;:500,&quot;targetHeight&quot;:500,&quot;scaleAttr&quot;:false,&quot;ariaLabel&quot;:&quot;Ampliar la imagen&quot;,&quot;alt&quot;:&quot;&quot;}\" data-wp-interactive=\"core\/image\" class=\"wp-block-image aligncenter size-full is-resized is-style-rounded wp-lightbox-container\"><img loading=\"lazy\" decoding=\"async\" width=\"500\" height=\"500\" data-wp-init=\"callbacks.setButtonStyles\" data-wp-on-async--click=\"actions.showLightbox\" data-wp-on-async--load=\"callbacks.setButtonStyles\" data-wp-on-async-window--resize=\"callbacks.setButtonStyles\" src=\"https:\/\/tresmaresdiseno.net\/wp-content\/uploads\/2024\/05\/2.png\" alt=\"\" class=\"wp-image-532\" style=\"width:290px\" srcset=\"https:\/\/tresmaresdiseno.net\/wp-content\/uploads\/2024\/05\/2.png 500w, https:\/\/tresmaresdiseno.net\/wp-content\/uploads\/2024\/05\/2-300x300.png 300w, https:\/\/tresmaresdiseno.net\/wp-content\/uploads\/2024\/05\/2-150x150.png 150w\" sizes=\"(max-width: 500px) 100vw, 500px\" \/><button\n\t\t\tclass=\"lightbox-trigger\"\n\t\t\ttype=\"button\"\n\t\t\taria-haspopup=\"dialog\"\n\t\t\taria-label=\"Ampliar la imagen\"\n\t\t\tdata-wp-init=\"callbacks.initTriggerButton\"\n\t\t\tdata-wp-on-async--click=\"actions.showLightbox\"\n\t\t\tdata-wp-style--right=\"context.imageButtonRight\"\n\t\t\tdata-wp-style--top=\"context.imageButtonTop\"\n\t\t>\n\t\t\t<svg xmlns=\"http:\/\/www.w3.org\/2000\/svg\" width=\"12\" height=\"12\" fill=\"none\" viewBox=\"0 0 12 12\">\n\t\t\t\t<path fill=\"#fff\" d=\"M2 0a2 2 0 0 0-2 2v2h1.5V2a.5.5 0 0 1 .5-.5h2V0H2Zm2 10.5H2a.5.5 0 0 1-.5-.5V8H0v2a2 2 0 0 0 2 2h2v-1.5ZM8 12v-1.5h2a.5.5 0 0 0 .5-.5V8H12v2a2 2 0 0 1-2 2H8Zm2-12a2 2 0 0 1 2 2v2h-1.5V2a.5.5 0 0 0-.5-.5H8V0h2Z\" \/>\n\t\t\t<\/svg>\n\t\t<\/button><\/figure>\n\n\n\n<p><\/p>\n\n\n\n<p><\/p>\n\n\n\n<h4 class=\"wp-block-heading has-text-align-center has-primary-color has-text-color has-link-color has-roboto-font-family wp-elements-1770e95f488f114357c58c39469dc558\"><mark style=\"background-color:rgba(0, 0, 0, 0)\" class=\"has-inline-color has-primary-color\">Mar\u00eda Eugenia Ferrer<\/mark><\/h4>\n\n\n\n<p class=\"has-text-align-left has-small-font-size\">Comenc\u00e9 con la educaci\u00f3n, estudi\u00e9 Profesorado de ense\u00f1anza Primaria, luego una Licenciatura en Educaci\u00f3n y finalmente me dediqu\u00e9 algunos a\u00f1os a la Educaci\u00f3n Popular. En ese recorrido me encontr\u00e9 con distintos cortometrajes de cine. <\/p>\n\n\n\n<p class=\"has-text-align-left has-small-font-size\">Me cautivaron, emocionaron, me hicieron pensar, re\u00edr y divertirme. Esos sentimientos me llevaron a dise\u00f1ar un programa de difusi\u00f3n de cine: La Ventana, Cine Itinerante. Con este proyecto viaj\u00e9 por muchos lugares de Argentina llevando una propuesta de Cine y Educaci\u00f3n a escuelas, centros culturales, festivales, cooperadoras, salas de cine, etc. <\/p>\n\n\n\n<p class=\"has-text-align-left has-small-font-size\">Esa hermosa experiencia me introdujo la inquietud de comenzar a producir.<br>Aprend\u00ed de muchos colegas que me convidaron a participar en sus proyectos audiovisuales.<br>Luego el desaf\u00edo del cine me atrap\u00f3 y comenc\u00e9 a producir cortos y series de animaci\u00f3n, cortos, largos y series documentales, y docuficcionales.<br>Y ac\u00e1 estamos conviviendo y aprendiendo de cada movimiento que el mar nos trae con el desaf\u00edo de contar algo que nos transforma en cada historia\u2026<\/p>\n<\/div>\n<\/div>\n\n\n\n<div style=\"height:55px\" aria-hidden=\"true\" class=\"wp-block-spacer\"><\/div>\n\n\n\n<p style=\"text-decoration:none\"><a href=\"https:\/\/tresmaresdiseno.net\/index.php\/politica-de-calidad\/\"><em>Pol\u00edtica de calidad de Tres Mares<\/em><\/a><\/p>\n","protected":false},"excerpt":{"rendered":"<p>Somos Mauricio Minotti Me form\u00e9 en fotograf\u00eda, teatro y cine. En el set me apasiona el trabajo con los actores y en la sala de edici\u00f3n jugar con la estructura, reguionar, encontrar nuevos sentidos a lo que se film\u00f3.La ficci\u00f3n es mi norte pero vengo haciendo un largo camino en el documental o m\u00e1s precisamente&#8230;<\/p>\n","protected":false},"author":1,"featured_media":0,"parent":0,"menu_order":0,"comment_status":"closed","ping_status":"closed","template":"","meta":{"footnotes":""},"class_list":["post-8","page","type-page","status-publish","hentry"],"yoast_head":"<!-- This site is optimized with the Yoast SEO plugin v23.0 - https:\/\/yoast.com\/wordpress\/plugins\/seo\/ -->\n<title>- Productora Tres Mares<\/title>\n<meta name=\"robots\" content=\"noindex, follow, max-snippet:-1, max-image-preview:large, max-video-preview:-1\" \/>\n<meta property=\"og:locale\" content=\"es_ES\" \/>\n<meta property=\"og:type\" content=\"article\" \/>\n<meta property=\"og:title\" content=\"- Productora Tres Mares\" \/>\n<meta property=\"og:description\" content=\"Somos Mauricio Minotti Me form\u00e9 en fotograf\u00eda, teatro y cine. En el set me apasiona el trabajo con los actores y en la sala de edici\u00f3n jugar con la estructura, reguionar, encontrar nuevos sentidos a lo que se film\u00f3.La ficci\u00f3n es mi norte pero vengo haciendo un largo camino en el documental o m\u00e1s precisamente...\" \/>\n<meta property=\"og:url\" content=\"https:\/\/tresmaresdiseno.net\/index.php\/somos-tresmares\/\" \/>\n<meta property=\"og:site_name\" content=\"Productora Tres Mares\" \/>\n<meta property=\"article:modified_time\" content=\"2024-07-17T20:53:37+00:00\" \/>\n<meta property=\"og:image\" content=\"https:\/\/tresmaresdiseno.net\/wp-content\/uploads\/2024\/05\/1.png\" \/>\n<meta name=\"twitter:card\" content=\"summary_large_image\" \/>\n<meta name=\"twitter:label1\" content=\"Tiempo de lectura\" \/>\n\t<meta name=\"twitter:data1\" content=\"3 minutos\" \/>\n<script type=\"application\/ld+json\" class=\"yoast-schema-graph\">{\"@context\":\"https:\/\/schema.org\",\"@graph\":[{\"@type\":\"WebPage\",\"@id\":\"https:\/\/tresmaresdiseno.net\/index.php\/somos-tresmares\/\",\"url\":\"https:\/\/tresmaresdiseno.net\/index.php\/somos-tresmares\/\",\"name\":\"- Productora Tres Mares\",\"isPartOf\":{\"@id\":\"https:\/\/tresmaresproductora.com\/#website\"},\"primaryImageOfPage\":{\"@id\":\"https:\/\/tresmaresdiseno.net\/index.php\/somos-tresmares\/#primaryimage\"},\"image\":{\"@id\":\"https:\/\/tresmaresdiseno.net\/index.php\/somos-tresmares\/#primaryimage\"},\"thumbnailUrl\":\"https:\/\/tresmaresdiseno.net\/wp-content\/uploads\/2024\/05\/1.png\",\"datePublished\":\"2024-01-02T15:32:01+00:00\",\"dateModified\":\"2024-07-17T20:53:37+00:00\",\"inLanguage\":\"es-AR\",\"potentialAction\":[{\"@type\":\"ReadAction\",\"target\":[\"https:\/\/tresmaresdiseno.net\/index.php\/somos-tresmares\/\"]}]},{\"@type\":\"ImageObject\",\"inLanguage\":\"es-AR\",\"@id\":\"https:\/\/tresmaresdiseno.net\/index.php\/somos-tresmares\/#primaryimage\",\"url\":\"https:\/\/tresmaresdiseno.net\/wp-content\/uploads\/2024\/05\/1.png\",\"contentUrl\":\"https:\/\/tresmaresdiseno.net\/wp-content\/uploads\/2024\/05\/1.png\",\"width\":500,\"height\":500},{\"@type\":\"WebSite\",\"@id\":\"https:\/\/tresmaresproductora.com\/#website\",\"url\":\"https:\/\/tresmaresproductora.com\/\",\"name\":\"Productora Tres Mares\",\"description\":\"\",\"publisher\":{\"@id\":\"https:\/\/tresmaresproductora.com\/#organization\"},\"potentialAction\":[{\"@type\":\"SearchAction\",\"target\":{\"@type\":\"EntryPoint\",\"urlTemplate\":\"https:\/\/tresmaresproductora.com\/?s={search_term_string}\"},\"query-input\":\"required name=search_term_string\"}],\"inLanguage\":\"es-AR\"},{\"@type\":\"Organization\",\"@id\":\"https:\/\/tresmaresproductora.com\/#organization\",\"name\":\"Productora Tres Mares\",\"url\":\"https:\/\/tresmaresproductora.com\/\",\"logo\":{\"@type\":\"ImageObject\",\"inLanguage\":\"es-AR\",\"@id\":\"https:\/\/tresmaresproductora.com\/#\/schema\/logo\/image\/\",\"url\":\"https:\/\/tresmaresdiseno.net\/wp-content\/uploads\/2024\/01\/logo-01.png\",\"contentUrl\":\"https:\/\/tresmaresdiseno.net\/wp-content\/uploads\/2024\/01\/logo-01.png\",\"width\":750,\"height\":104,\"caption\":\"Productora Tres Mares\"},\"image\":{\"@id\":\"https:\/\/tresmaresproductora.com\/#\/schema\/logo\/image\/\"}}]}<\/script>\n<!-- \/ Yoast SEO plugin. -->","yoast_head_json":{"title":"- Productora Tres Mares","robots":{"index":"noindex","follow":"follow","max-snippet":"max-snippet:-1","max-image-preview":"max-image-preview:large","max-video-preview":"max-video-preview:-1"},"og_locale":"es_ES","og_type":"article","og_title":"- Productora Tres Mares","og_description":"Somos Mauricio Minotti Me form\u00e9 en fotograf\u00eda, teatro y cine. En el set me apasiona el trabajo con los actores y en la sala de edici\u00f3n jugar con la estructura, reguionar, encontrar nuevos sentidos a lo que se film\u00f3.La ficci\u00f3n es mi norte pero vengo haciendo un largo camino en el documental o m\u00e1s precisamente...","og_url":"https:\/\/tresmaresdiseno.net\/index.php\/somos-tresmares\/","og_site_name":"Productora Tres Mares","article_modified_time":"2024-07-17T20:53:37+00:00","og_image":[{"url":"https:\/\/tresmaresdiseno.net\/wp-content\/uploads\/2024\/05\/1.png"}],"twitter_card":"summary_large_image","twitter_misc":{"Tiempo de lectura":"3 minutos"},"schema":{"@context":"https:\/\/schema.org","@graph":[{"@type":"WebPage","@id":"https:\/\/tresmaresdiseno.net\/index.php\/somos-tresmares\/","url":"https:\/\/tresmaresdiseno.net\/index.php\/somos-tresmares\/","name":"- Productora Tres Mares","isPartOf":{"@id":"https:\/\/tresmaresproductora.com\/#website"},"primaryImageOfPage":{"@id":"https:\/\/tresmaresdiseno.net\/index.php\/somos-tresmares\/#primaryimage"},"image":{"@id":"https:\/\/tresmaresdiseno.net\/index.php\/somos-tresmares\/#primaryimage"},"thumbnailUrl":"https:\/\/tresmaresdiseno.net\/wp-content\/uploads\/2024\/05\/1.png","datePublished":"2024-01-02T15:32:01+00:00","dateModified":"2024-07-17T20:53:37+00:00","inLanguage":"es-AR","potentialAction":[{"@type":"ReadAction","target":["https:\/\/tresmaresdiseno.net\/index.php\/somos-tresmares\/"]}]},{"@type":"ImageObject","inLanguage":"es-AR","@id":"https:\/\/tresmaresdiseno.net\/index.php\/somos-tresmares\/#primaryimage","url":"https:\/\/tresmaresdiseno.net\/wp-content\/uploads\/2024\/05\/1.png","contentUrl":"https:\/\/tresmaresdiseno.net\/wp-content\/uploads\/2024\/05\/1.png","width":500,"height":500},{"@type":"WebSite","@id":"https:\/\/tresmaresproductora.com\/#website","url":"https:\/\/tresmaresproductora.com\/","name":"Productora Tres Mares","description":"","publisher":{"@id":"https:\/\/tresmaresproductora.com\/#organization"},"potentialAction":[{"@type":"SearchAction","target":{"@type":"EntryPoint","urlTemplate":"https:\/\/tresmaresproductora.com\/?s={search_term_string}"},"query-input":"required name=search_term_string"}],"inLanguage":"es-AR"},{"@type":"Organization","@id":"https:\/\/tresmaresproductora.com\/#organization","name":"Productora Tres Mares","url":"https:\/\/tresmaresproductora.com\/","logo":{"@type":"ImageObject","inLanguage":"es-AR","@id":"https:\/\/tresmaresproductora.com\/#\/schema\/logo\/image\/","url":"https:\/\/tresmaresdiseno.net\/wp-content\/uploads\/2024\/01\/logo-01.png","contentUrl":"https:\/\/tresmaresdiseno.net\/wp-content\/uploads\/2024\/01\/logo-01.png","width":750,"height":104,"caption":"Productora Tres Mares"},"image":{"@id":"https:\/\/tresmaresproductora.com\/#\/schema\/logo\/image\/"}}]}},"_links":{"self":[{"href":"https:\/\/tresmaresdiseno.net\/index.php\/wp-json\/wp\/v2\/pages\/8"}],"collection":[{"href":"https:\/\/tresmaresdiseno.net\/index.php\/wp-json\/wp\/v2\/pages"}],"about":[{"href":"https:\/\/tresmaresdiseno.net\/index.php\/wp-json\/wp\/v2\/types\/page"}],"author":[{"embeddable":true,"href":"https:\/\/tresmaresdiseno.net\/index.php\/wp-json\/wp\/v2\/users\/1"}],"replies":[{"embeddable":true,"href":"https:\/\/tresmaresdiseno.net\/index.php\/wp-json\/wp\/v2\/comments?post=8"}],"version-history":[{"count":43,"href":"https:\/\/tresmaresdiseno.net\/index.php\/wp-json\/wp\/v2\/pages\/8\/revisions"}],"predecessor-version":[{"id":857,"href":"https:\/\/tresmaresdiseno.net\/index.php\/wp-json\/wp\/v2\/pages\/8\/revisions\/857"}],"wp:attachment":[{"href":"https:\/\/tresmaresdiseno.net\/index.php\/wp-json\/wp\/v2\/media?parent=8"}],"curies":[{"name":"wp","href":"https:\/\/api.w.org\/{rel}","templated":true}]}}